 x, -4*x + 5 = r. Calculate the greatest common divisor of 55 and r.
5
Let r be 75/10*(-8)/5. Let z = r - -12. Let u = 4 - z. Calculate the highest common factor of u and 8.
4
Suppose -3*a - 109 = -z, -4*z - z + 480 = -2*a. Calculate the highest common divisor of 2538 and z.
94
Suppose -5*l = p - 20, 5 = p + 3*p - 5*l. Suppose -3*n = 3*k - 243, -p*n - 65 = -k + 34. What is the greatest common factor of k and 21?
21
Let g(m) = 7*m + 4. Let z be g(-4). Let j be 1/6 - (-292)/z. Let w = -6 - j. Calculate the highest common divisor of w and 18.
6
Let h(d) = d**3 - 4*d**2 - 12*d + 44. Let k be h(6). Calculate the greatest common factor of k and 121.
11
Suppose 13*u + 102 - 180 = 0. Calculate the highest common factor of 72 and u.
6
Let x = 3 - -6. Suppose -x = -5*g - 4. Let s = -908 - -911. What is the greatest common factor of s and g?
1
Let n(g) = -g**3 + 11*g**2 + 16*g + 1. Let x be n(13). Let o = x - -185. Calculate the greatest common factor of o and 14.
14
Let k = 367 + 1028. What is the highest common divisor of 310 and k?
155
Suppose -2*y - 11 = g, 0*g - 2*g - 2*y = 14. Let v be 1293/12 + g - 12/16. What is the greatest common factor of v and 52?
52
Let x(w) = 2*w**3 - w**2 + w. Let d be x(2). Suppose 8*g - 38 = 74. What is the greatest common factor of g and d?
14
Let k(h) = -8*h - 133. Let w be k(-19). What is the greatest common factor of w and 7?
1
Suppose -7*p - 160 + 202 = 0. Calculate the greatest common divisor of p and 66.
6
Suppose 5*u + 2*d - 29 = 58, 0 = -4*u - 4*d + 72. Calculate the greatest common divisor of u and 2669.
17
Let p = -1244 + 1252. What is the highest common divisor of p and 72?
8
Let m be 5*-44*4/(-40). Let c = -18 + m. Calculate the highest common factor of c and 32.
4
Let u = 1541 - 1534. What is the greatest common divisor of 343 and u?
7
Let n(x) = -13*x - 109. Let z be n(-9). Calculate the greatest common factor of 8 and z.
8
Let v = 1024 - -165. What is the highest common factor of v and 41?
41
Suppose -5*o + 9 + 71 = 0. Calculate the highest common divisor of o and 4.
4
Let s = 1 - 1. Suppose s = -4*n + 400 + 168. Suppose u = -2*u + 5*w + n, 4*u + 5*w - 166 = 0. Calculate the greatest common factor of u and 4.
4
Let z = -1753 - -1749. Let m(a) = 0*a**3 + 5*a**2 + 2*a - 1 + a**3 + 7. Let y be m(z). What is the highest common factor of 112 and y?
14
Suppose -7 = -z - 3*l + 3, -4*l + 28 = 5*z. Suppose 3*o - 10 = 26. Suppose -5*y - 2 + o = 0. Calculate the greatest common divisor of y and z.
2
Let v(m) = -12*m + 4. Let r be v(-4). Suppose 3*g + 120 = -4*s, 0*s - 4*s = 5*g + 112. Let q = s + r. Calculate the highest common divisor of 209 and q.
19
Suppose -3*c - 2*m = 3*m - 4, m = c - 4. Suppose c*r + 8 = -4*t - t, -8 = 2*t. Calculate the highest common divisor of 6 and r.
2
Let q be ((-2)/(-4))/(118/(-24) - -5). What is the greatest common divisor of 6 and q?
6
Let v be (4 - (-48)/(-21))/(4/14). Let n be 1/(-2) + 117/v - -1. Calculate the greatest common factor of n and 160.
20
Let c be -1 + (38/8 - (-10)/40). What is the highest common factor of 41 and c?
1
Let b = 765 - 797. Let h = 83 + -45. Let t = h + b. Calculate the highest common divisor of t and 6.
6
Let x = -1162 - -1234. Let g(b) = -b**3 + 8*b**2 - 6*b. Let j be g(6). What is the highest common factor of x and j?
36
Suppose 3*g = -92 + 467. Let z be 9/(-6)*(-650)/39. Calculate the greatest common divisor of g and z.
25
Let c(t) = -114*t + 504. Let r be c(4). Let v = -14 - -30. What is the highest common divisor of v and r?
16
Suppose 6*r + 0 = 60. What is the greatest common factor of r and 10?
10
Suppose 0 = 511*b - 514*b + 168. Calculate the highest common divisor of b and 72.
8
Suppose -2*l + 195 = -91. Let u(w) = -3*w**3 - 3*w**2 - 2*w - 3. Let p be u(-2). Calculate the greatest common factor of l and p.
13
Let a = 16 + -16. Let t be a/(-5) - (-1 + 1957). Let l be t/(-54) + (-2)/9. What is the highest common factor of 6 and l?
6
Let c be ((-5 - -9)/4)/(2/(-182)). Let i be (78/c)/((-6)/28). Calculate the greatest common factor of 2 and i.
2
Let w = 18782 + -18670. Let q = 0 + 8. What is the greatest common factor of w and q?
8
Let i = -1 - -4. Suppose g - 12 = -3*g. Suppose -16 = -g*x - 7. Calculate the greatest common divisor of x and i.
3
Suppose -7*d + 102 - 424 = 0. Let c be d/(-6)*(-3)/(-1). What is the highest common divisor of c and 207?
23
Let o(r) = 2*r**2 - 11*r + 17. Let p be o(8). Let j be (-3 + p/15)*15. What is the greatest common divisor of j and 18?
6
Suppose -35530 + 35706 = 8*f. Let x = -79 - -24. Let z be x/(-2)*44/5. What is the greatest common divisor of f and z?
22
Suppose -4*x + 5*s = -0*s, -x = -3*s. Suppose x = -2*a - k + 19, k = -a - 2*k + 7. Suppose -a*c = -6*c - 24. What is the greatest common factor of c and 24?
6
Let g = -172 + 316. Calculate the highest common factor of g and 18.
18
Let t be -8*(1 - 51/6). Let l(m) = -6*m - 18. Let u be (-4)/(-6) - (-102)/(-18). Let z be l(u). Calculate the greatest common divisor of z and t.
12
Let l = -11 - -149. What is the highest common factor of l and 322?
46
Let k(i) = -4*i - i + 4*i. Let p(j) = j**3 - 13*j**2 + 21*j + 6. Let x be p(11). Let w be k(x). What is the greatest common divisor of w and 1?
1
Let y = 25 - 70. Let a = y - -50. Calculate the greatest common divisor of a and 10.
5
Let o be (3/(-2) - -1)*-782. Let z = -749 + o. Let r = 534 + z. Calculate the greatest common factor of r and 16.
16
Let h(j) = 20*j - 240. Let v be h(12). Let n = 6 + -1. Suppose v = -2*i + n + 5. Calculate the greatest common divisor of i and 10.
5
Let a(i) = 61*i**3 - 2*i + 1. Suppose m + 0*m - 1 = 0. Let b be a(m). Suppose 0 = -2*s + 4*s - b. What is the greatest common factor of 6 and s?
6
Let u be (12/(-36))/(2/(-30)). Suppose u*o - a - 3 = 0, -3*o - 5 + 0 = -4*a. Calculate the greatest common factor of 8 and o.
1
Let p = -1907 - -2447. Calculate the greatest common divisor of 80 and p.
20
Let w be 224/6 + 4/6. Suppose -18*j - 4*o = -22*j + 172, 51 = 2*j + 5*o. What is the highest common divisor of j and w?
38
Let p(i) = -340*i. Let d be p(-2). Suppose -735 = -5*a + d. Suppose -4*z + 2*m = -930, -5*m + a = z + 67. Calculate the greatest common factor of 21 and z.
21
Let g = 103 - 91. What is the greatest common divisor of g and 4?
4
Let t be ((-6)/54*3)/(1/(-27)). Let g(w) = -w**2 - 2*w. Let h be g(-1). Let y be ((-6)/2)/(h/(-33)). What is the greatest common factor of t and y?
9
Let m(u) be the first derivative of u**3/3 - 2*u**2 + 4*u - 30. Let k be m(4). What is the greatest common divisor of 10 and k?
2
Suppose -22 - 2 = -2*p. Suppose -21*d + 45*d - 3168 = 0. What is the greatest common factor of d and p?
12
Suppose -16 = -2*k + 4. Let s(v) = v**3 - 2*v**2 - 7*v + 5. Let z be s(5). Suppose 4*i = 115 + z. Calculate the highest common divisor of k and i.
10
Suppose -21*u = -19*u - 40. What is the highest common divisor of u and 580?
20
Let r be (-9 - 1)*((-76)/8 - -9). What is the greatest common divisor of r and 75?
5
Let b be 6/4*(-32)/12. Let i be (b - (-2 + 0)) + 59. Suppose 4*z - 3 = i. What is the highest common factor of 135 and z?
15
Suppose 6 = 2*p - 0*p. Let q(b) = -142*b - p + 6 - 1. Let l be q(-1). Calculate the greatest common factor of l and 18.
18
Let u be (-110502)/182 + 4/26. Let g be u/(-7) + (-22)/(-77). Let b be (-1)/(g/(-42) - -2). Calculate the highest common factor of b and 56.
14
Let h(v) = 34*v + 34. Let o be h(11). What is the highest common factor of o and 24?
24
Let s = -17 + 41. Let t = s - 20. Suppose 75 - 7 = 5*v - 3*p, -3*v + 4*p + 32 = 0. What is the highest common divisor of v and t?
4
Suppose 0 = -8*n + 4*n + 12. Let s = -26 + 29. Calculate the greatest common divisor of s and n.
3
Let m(c) = c**2 - 2. Let j be m(-2). Suppose -2*l + 7 = -37. What is the highest common factor of l and j?
2
Let q = -23 + 36. Let i be (-33512)/(-639) - (-4)/(-9). Calculate the greatest common factor of i and q.
13
Let k = -4 + 11. Suppose 15 = t - 12. Suppose 4*x + 3*y = t, k*y - 3*y - 16 = -2*x. Calculate the highest common factor of 48 and x.
6
Suppose -27 = -0*s - 3*s + 4*v, -45 = -5*s - 3*v. Suppose 540 = 8*p + 324. Calculate the greatest common divisor of s and p.
9
Let j = 93 + -88. Let v be 2 + -4 + (-60)/(-1). Suppose v = j*h + 8. What is the highest common 